(-5) is divided by 4?
0
Suppose -1 + 127 = 3*n. Suppose 3*k - 5*r + 69 = 0, 2*r - 24 = -2*k - 86. Let o = n + k. Calculate the remainder when 39 is divided by o.
11
Suppose 11*r - 175 = 177. Let f(m) = -m**3 + 4*m**2 + 4*m + 4. Calculate the remainder when r is divided by f(4).
12
Let g = -48 - -116. Suppose 4*q + 7*o - 124 = 2*o, -o = 2*q - g. What is the remainder when q is divided by 10?
6
Let f(i) = -29*i + 1. Let h = 32 - 17. Calculate the remainder when f(-2) is divided by h.
14
Let m = 611 + -587. Calculate the remainder when 155 is divided by m.
11
Calculate the remainder when 74 is divided by ((-134)/4 - -6)*(-20)/25.
8
Let t = 2 + -33. Let f be (t/(-3))/((-10)/(-60)). Suppose 0 = -2*i + h + f, i + 5*h = -2*i + 93. What is the remainder when i is divided by 17?
14
Let v = -152 + 167. Calculate the remainder when 99 is divided by v.
9
Let h(k) be the first derivative of 55*k**2/2 - k + 44. What is the remainder when h(1) is divided by 20?
14
Suppose 97 - 76 = k. Suppose v + k - 25 = 0. What is the remainder when 14 is divided by v?
2
Let u be -12 + -2 + 2 - -3. What is the remainder when u/(0 - -3) - (0 - 58) is divided by 14?
13
Let l(v) = v**3 + 8*v**2 + 9*v - 2. Let x be l(-7). What is the remainder when 48 is divided by ((-36)/x)/((-2)/(-16))?
12
Let t = 10 + -3. Suppose 5*y + 4*h = -t, 4*y + y + 2*h + 11 = 0. What is the remainder when 33/y*-3 - 1 is divided by 17?
15
Let y be (-19)/(-3) + 0 + 27/(-81). Suppose 0*o + o - y = 0. What is the remainder when 11 is divided by o?
5
What is the remainder when ((7/(-3))/7)/(1/(-222)) is divided by 25?
24
Suppose 570*j - 410 = 565*j. Calculate the remainder when j is divided by (-500)/(-18) + 2/9.
26
Let w = 6 + -14. Let a(o) = 19*o - 10. Let k(g) = 17*g - 10. Let x(d) = 6*a(d) - 7*k(d). Calculate the remainder when x(w) is divided by 17.
16
Suppose 559 + 2796 = 5*h. Suppose -2*o + 3*l + h = 0, 4*o - 1559 = -5*l - 272. Calculate the remainder when o is divided by 15.
13
Calculate the remainder when -5 + 876/15*5 is divided by 18.
17
Suppose -239 = 28*n - 1443. What is the remainder when 642 is divided by n?
40
Let i(l) = 3*l**2 + 5*l - 1. What is the remainder when 88 is divided by i(-4)?
7
Suppose -76 = -5*s + 5*b - 26, -4*b - 45 = -5*s. Suppose -1 = -3*y - 4*o, y - 3*o - 3 = -7*o. Let z = s + y. What is the remainder when 9 is divided by z?
1
Let a = 21 - 11. Suppose 111*y = 106*y - 20. Let s = y + a. What is the remainder when 22 is divided by s?
4
Let w(z) = -z**3 - 3*z**2 - 3*z + 1. Suppose -8 + 0 = 4*m, -5*m = -2*l + 58. What is the remainder when w(-5) is divided by l?
18
Let s(d) = 11*d - 7. Let w be s(7). Suppose w = 8*i - 3*i. Calculate the remainder when 54 is divided by i.
12
Let o(k) = -21*k - 278. What is the remainder when o(-37) is divided by 100?
99
Let k = 94 - 46. Calculate the remainder when 91 is divided by k.
43
Let f = -32 - -35. Let s(h) = -h**3 + 2*h**2 + 4*h + 1. What is the remainder when 10 is divided by s(f)?
2
Let z = 230 + -27. What is the remainder when z is divided by 41?
39
Let u(d) = d**3 + 8*d**2 - d - 5. Let z be u(-8). Suppose 15 + 138 = -z*v. Let q = -27 - v. What is the remainder when 71 is divided by q?
23
Suppose -3*j + 2 = -r, 3*r + 2*r - 12 = 4*j. Let p be 3/j - 93/6. Let i = p + 19. What is the remainder when 7 is divided by i?
2
Let c(y) = 3*y**2 - 64*y + 39. Calculate the remainder when 330 is divided by c(22).
81
Let v = 5 - 4. Let j = v + 10. What is the remainder when 29 is divided by j?
7
Let h be -30*(-4)/8*-1. Let s(i) = -i. What is the remainder when 72 is divided by s(h)?
12
Suppose -2*s + 54 = 4*z, -2*z = z - 2*s - 37. What is the remainder when 256 is divided by z?
9
Let u(p) = 103*p**2 + p. Let d be u(-1). Suppose 5*y + d - 27 = 4*t, 3*y = -3*t + 63. What is the remainder when (1 - (10 + -7))*-19 is divided by t?
18
Let m(n) = -9*n**3 - 1. Suppose -5*v + 7 = -3*f, 0*v + 4*v - 26 = -f. Let y be ((-1)/3)/(2/f). Calculate the remainder when 21 is divided by m(y).
5
Let y be 56/(-30) + 8/(-60). Let v be 2071/(-38) + (-1)/y. Let q = -30 - v. What is the remainder when q is divided by 9?
6
Suppose -45 = -7*d + 32. Let m(o) = -7 + 1 - 2*o + 0*o. What is the remainder when d is divided by m(-6)?
5
Let t = 213 - 170. Calculate the remainder when 51 is divided by t.
8
What is the remainder when (25/(-10) - -6)/((-2)/(-28)) is divided by 11?
5
Let g = 184 - 162. Calculate the remainder when 196 is divided by g.
20
Let c = -5 + 3. Suppose 2*y - 5*i = -48, -5*y - 2*i + 0*i - 120 = 0. Let n = c - y. Calculate the remainder when 85 is divided by n.
19
Let j(k) = k**3 - 6*k**2 - 9*k + 24. Let d = -171 + 178. Let i(s) = 10*s**2 - 2. What is the remainder when i(-2) is divided by j(d)?
8
Suppose -75*c = -70*c - i - 103, 0 = -3*c - 2*i + 54. Suppose -5*h + 66 = -229. Calculate the remainder when h is divided by c.
19
Let l = -2878 - -3004. Calculate the remainder when 1384 is divided by l.
124
Suppose 0 = -7*c + 724 + 2279. Calculate the remainder when c is divided by 48.
45
Let f(d) = 7*d + 25. Let u be f(-13). Let s = u - -71. Let l(t) = -3*t - 1. Calculate the remainder when l(-4) is divided by s.
1
Let h(i) = 11*i**3 + 3*i**2 - 8*i + 6. What is the remainder when 14 is divided by h(1)?
2
Suppose -20 - 223 = -3*n. What is the remainder when n is divided by 51?
30
Suppose -3*o - 1738 = 194. Let n be 16/20 - o/20. What is the remainder when 47 is divided by 1/((n/(-30))/(-11))?
7
Let f(t) = t**3 + 14*t**2 + 16*t - 19. Calculate the remainder when f(-11) is divided by 57.
54
Let m be -2 - (3 - 2) - -5. Suppose -m*u + 3*u - 12 = 0. What is the remainder when 33 is divided by u?
9
Let c = -107 - -113. Calculate the remainder when (-3 + 6)/((-6)/(-80)) is divided by c.
4
Suppose 2*i + 38 = -2*v, 4*i - 2*v = -32 - 14. What is the remainder when 75 is divided by (-1)/(4/i)*6?
12
Suppose 0 = 2*b + 3*d - 4, -3*d = -21 + 9. What is the remainder when 28 is divided by b + (-4)/(12/(-57))?
13
Let d = 32 + -51. Let z(x) = -x**2 - 23*x - 21. Calculate the remainder when z(d) is divided by 7.
6
Suppose s - 5*g - 73 = 0, -3*s + 0*g + 304 = 2*g. Let q = 841 + -816. Calculate the remainder when s is divided by q.
23
Suppose -3*c = -493 + 250. Calculate the remainder when 321 is divided by c.
78
Let l(j) = 2*j**2 - 6*j - 28. What is the remainder when 216 is divided by l(-4)?
20
Let b = -60 + 46. Let g = b + 21. Calculate the remainder when 8 is divided by g.
1
Let y = -44 + 54. Suppose -4*g + 12*g = 456. What is the remainder when g is divided by y?
7
Let f be ((-1)/2)/(6/12). Let j = 15 + f. Suppose 3*u = 3*y - 24, -17 = 5*y - 2*u - 48. What is the remainder when j is divided by y?
4
Let a(f) = -f**3 - f**2. Let d(p) = -2*p**3 - 9*p**2 - 3*p - 1. Let o(k) = a(k) - d(k). What is the remainder when o(-6) is divided by 14?
13
Let u = -256 + 300. What is the remainder when 394 is divided by u?
42
Suppose 4*c - 2*c + 5*h = 24, 2*c + 2*h - 36 = 0. Let x(s) = 2*s**3 + s - 1. What is the remainder when 338/7 - c/77 is divided by x(2)?
14
Suppose 14 = 7*s - 2*s - 3*r, s - 12 = -4*r. Suppose 0 = 2*q - 5*f - 67 + 2, 0 = -3*q - s*f + 40. What is the remainder when 53 is divided by q?
13
Let g(q) = q**2 + q - 3. Let j be g(5). Let k be (12/5)/(j/900). Calculate the remainder when 1/1 + k/2 is divided by 14.
13
Suppose 0 = 7*d + 56*d - 36036. What is the remainder when d is divided by 9?
5
Suppose 10*b = 68 + 1702. Calculate the remainder when b is divided by 34.
7
Let o = 14 - 9. Suppose -4*u - i + 76 = 0, 5*u + 53 - 173 = o*i. What is the remainder when (42/(-8))/((-5)/u) is divided by 12?
9
Let y = 3 + -1. Suppose 8 = -2*f - y. Calculate the remainder when 38 is divided by (-2)/10 + (-66)/f.
12
Let t(r) = -r**3 - r**2 + r + 7. Let o = 170 + -123. What is the remainder when o is divided by t(0)?
5
What is the remainder when 455 is divided by (-7)/((-140)/(-50))*-46?
110
Suppose -2*g + 737*x = 735*x - 972, -3*g = -4*x - 1462. What is the remainder when g is divided by 97?
94
Let y = 68 - 97. Let p = y - -46. What is the remainder when 25 is divided by p?
8
Let u be -303 + 3/(3/2). Calculate the remainder when 1*4*(-87)/(-6) is divided by u/(-21) + (-2)/(-3).
13
Suppose 20*n = 2*x + 18*n - 86, 2*n = -5*x + 243. Let y(v) = -v**3 - 4*v**2 - 6*v. Calculate the remainder when x 